{"id":220,"date":"2026-02-21T14:07:33","date_gmt":"2026-02-21T14:07:33","guid":{"rendered":"https:\/\/rozbeh.eu\/?page_id=220"},"modified":"2026-03-24T17:39:09","modified_gmt":"2026-03-24T17:39:09","slug":"rozbeh-centrum-rozvoja","status":"publish","type":"page","link":"https:\/\/rozbeh.eu\/?page_id=220","title":{"rendered":"RozBEH &#8211; centrum Rozvoja"},"content":{"rendered":"\n<div class=\"wp-block-group is-layout-grid wp-container-core-group-is-layout-9649a0d9 wp-block-group-is-layout-grid\">\n<div class=\"wp-block-columns is-layout-flex wp-container-core-columns-is-layout-9d6595d7 wp-block-columns-is-layout-flex\">\n<div class=\"wp-block-column is-layout-flow wp-block-column-is-layout-flow\" style=\"flex-basis:100%\">\n<figure class=\"wp-block-image size-large\"><img loading=\"lazy\" decoding=\"async\" width=\"701\" height=\"1024\" src=\"https:\/\/rozbeh.eu\/wp-content\/uploads\/2026\/03\/IMG_9715-701x1024.jpg\" alt=\"\" class=\"wp-image-259\" srcset=\"https:\/\/rozbeh.eu\/wp-content\/uploads\/2026\/03\/IMG_9715-701x1024.jpg 701w, https:\/\/rozbeh.eu\/wp-content\/uploads\/2026\/03\/IMG_9715-205x300.jpg 205w, https:\/\/rozbeh.eu\/wp-content\/uploads\/2026\/03\/IMG_9715-768x1122.jpg 768w, https:\/\/rozbeh.eu\/wp-content\/uploads\/2026\/03\/IMG_9715-1052x1536.jpg 1052w, https:\/\/rozbeh.eu\/wp-content\/uploads\/2026\/03\/IMG_9715.jpg 1055w\" sizes=\"auto, (max-width: 701px) 100vw, 701px\" \/><\/figure>\n<\/div>\n<\/div>\n<\/div>\n\n\n\n<p class=\"has-medium-font-size\"><strong>M\u00e1me pre V\u00e1s novinku!<\/strong><\/p>\n\n\n\n<p class=\"has-medium-font-size\">Na\u0161e ob\u010dianske zdru\u017eenie pon\u00faka prostredn\u00edctvom Centra rozvoja <strong>RozBEH<\/strong> individu\u00e1lne sedenia pre deti so zdravotn\u00fdm znev\u00fdhodnen\u00edm a ich rodiny.<\/p>\n\n\n\n<p class=\"has-medium-font-size\"><strong>Porozumiem TI<\/strong><br><em>komunik\u00e1cia \u2022 pochopenie \u2022 podpora<\/em><\/p>\n\n\n\n<hr class=\"wp-block-separator has-alpha-channel-opacity\"\/>\n\n\n\n<h3 class=\"wp-block-heading has-medium-font-size\">Individu\u00e1lne sedenia pre deti a mlad\u00fdch \u013eud\u00ed vo veku 3 \u2013 15 rokov<\/h3>\n\n\n\n<p><em>(pr\u00edstup prisp\u00f4soben\u00fd veku a v\u00fdvinov\u00fdm potreb\u00e1m)<\/em><\/p>\n\n\n\n<p>Pon\u00fakame individu\u00e1lne sedenia zameran\u00e9 na deti so zdravotn\u00fdm znev\u00fdhodnen\u00edm a ich rodiny. Vych\u00e1dzame z presved\u010denia, \u017ee ka\u017ed\u00e9 die\u0165a potrebuje by\u0165 predov\u0161etk\u00fdm pochopen\u00e9 \u2013 vo svojej jedine\u010dnosti, mo\u017enostiach aj v\u00fdzvach.<\/p>\n\n\n\n<p>Ka\u017ed\u00e9 die\u0165a aj rodina prich\u00e1dzaj\u00fa s vlastn\u00fdm pr\u00edbehom. Preto na\u0161e sedenia nevych\u00e1dzaj\u00fa z jednotn\u00e9ho \u201epl\u00e1nu pre v\u0161etk\u00fdch\u201c, ale z konkr\u00e9tnych potrieb die\u0165a\u0165a a rodi\u010dov. Spolo\u010dne h\u013ead\u00e1me cesty, ktor\u00e9 s\u00fa zrozumite\u013en\u00e9, bezpe\u010dn\u00e9 a pou\u017eite\u013en\u00e9 v be\u017enom \u017eivote \u2013 v \u0161k\u00f4lke, \u0161kole aj doma.<\/p>\n\n\n\n<p>Sedenia s\u00fa veden\u00e9 citlivo, individu\u00e1lnym sp\u00f4sobom a s re\u0161pektom k v\u00fdvinovej \u00farovni, tempu a jedine\u010dnosti die\u0165a\u0165a. Zameriavame sa na podporu komunik\u00e1cie, porozumenia, soci\u00e1lnych zru\u010dnost\u00ed, u\u010denia aj emocion\u00e1lneho pre\u017e\u00edvania.<\/p>\n\n\n\n<p>Sedenia s\u00fa veden\u00e9 kvalifikovan\u00fdm \u0161peci\u00e1lnym pedag\u00f3gom s odborn\u00fdm a empatick\u00fdm pr\u00edstupom.<\/p>\n\n\n\n<p>Ver\u00edme, \u017ee ke\u010f die\u0165a c\u00edti pochopenie a podporu, dok\u00e1\u017ee napredova\u0165 vlastn\u00fdm tempom a s v\u00e4\u010d\u0161ou istotou.<\/p>\n\n\n\n<p>Pre viac inform\u00e1ci\u00ed n\u00e1s nev\u00e1hajte kontaktova\u0165.<\/p>\n\n\n\n<p><strong>rozbehcr@gmail.com | \ud83d\udcde +421 944 482 503<\/strong><\/p>\n\n\n\n<p><\/p>\n","protected":false},"excerpt":{"rendered":"<p>M\u00e1me pre V\u00e1s novinku! Na\u0161e ob\u010dianske zdru\u017eenie pon\u00faka prostredn\u00edctvom Centra rozvoja RozBEH individu\u00e1lne sedenia pre deti so zdravotn\u00fdm znev\u00fdhodnen\u00edm a ich rodiny. Porozumiem TIkomunik\u00e1cia \u2022 pochopenie \u2022 podpora Individu\u00e1lne sedenia pre deti a mlad\u00fdch \u013eud\u00ed vo veku 3 \u2013 15 rokov (pr\u00edstup prisp\u00f4soben\u00fd veku a v\u00fdvinov\u00fdm potreb\u00e1m) Pon\u00fakame individu\u00e1lne sedenia zameran\u00e9 na deti so zdravotn\u00fdm [&hellip;]<\/p>\n","protected":false},"author":2,"featured_media":0,"parent":0,"menu_order":0,"comment_status":"closed","ping_status":"closed","template":"","meta":{"footnotes":""},"class_list":["post-220","page","type-page","status-publish","hentry"],"brizy_media":[],"_links":{"self":[{"href":"https:\/\/rozbeh.eu\/index.php?rest_route=\/wp\/v2\/pages\/220","targetHints":{"allow":["GET"]}}],"collection":[{"href":"https:\/\/rozbeh.eu\/index.php?rest_route=\/wp\/v2\/pages"}],"about":[{"href":"https:\/\/rozbeh.eu\/index.php?rest_route=\/wp\/v2\/types\/page"}],"author":[{"embeddable":true,"href":"https:\/\/rozbeh.eu\/index.php?rest_route=\/wp\/v2\/users\/2"}],"replies":[{"embeddable":true,"href":"https:\/\/rozbeh.eu\/index.php?rest_route=%2Fwp%2Fv2%2Fcomments&post=220"}],"version-history":[{"count":5,"href":"https:\/\/rozbeh.eu\/index.php?rest_route=\/wp\/v2\/pages\/220\/revisions"}],"predecessor-version":[{"id":260,"href":"https:\/\/rozbeh.eu\/index.php?rest_route=\/wp\/v2\/pages\/220\/revisions\/260"}],"wp:attachment":[{"href":"https:\/\/rozbeh.eu\/index.php?rest_route=%2Fwp%2Fv2%2Fmedia&parent=220"}],"curies":[{"name":"wp","href":"https:\/\/api.w.org\/{rel}","templated":true}]}}